 (6 - 125/20). Suppose -240 = -12*b - t. Suppose 15*s - 183 = 282. What is the remainder when s is divided by b?
14
Let w(k) = k**2 + 19*k + 120. Calculate the remainder when w(-21) is divided by 52.
6
Calculate the remainder when ((-7510)/20)/(4/(-8)) is divided by 16.
15
Let w(i) = 51*i**2 - 2*i - 3. Let n be w(-3). Suppose -5*y + n - 27 = 0. Calculate the remainder when y is divided by 45.
42
Let p(l) = -l**3 - 4*l**2 + 49*l - 4. Let w(x) = -2*x**3 - 8*x**2 + 99*x - 9. Let n(t) = -5*p(t) + 2*w(t). What is the remainder when 219 is divided by n(-9)?
19
Suppose -27*p - 594 = -36*p. Calculate the remainder when p is divided by ((-20)/8)/((-3)/42).
31
Let v(g) = -g - 5*g + 5*g + 155 - 3*g. Calculate the remainder when v(6) is divided by 34.
29
Suppose 3*j + 660 = 1932. Let y = 474 - j. What is the remainder when 597 is divided by y?
47
Let l(w) = w**2 - 6*w + 21. Let m be l(9). Let b = 109 - m. Let d = b + -38. What is the remainder when d is divided by 12?
11
Let y = 984 - 973. Suppose 0 = 3*z - 2*a - 7, -5 = -2*z - 3*a + 4*a. What is the remainder when y is divided by z?
2
Let u = 23883 + -23238. Calculate the remainder when u is divided by 44.
29
Let j(k) = -161*k - 3. Let y be j(1). Let t = y - -94. Let a = t - -111. What is the remainder when a is divided by 14?
13
Let c(y) = 2*y - 18. Let u be c(8). Let s be 2/((-128)/(-62) + u). Let r = -21 + s. Calculate the remainder when 32 is divided by r.
2
Suppose -1359*k + 1369*k - 270 = 0. Calculate the remainder when 111 is divided by k.
3
Suppose l + 5*r = 528, -203*l + r = -205*l + 1047. Calculate the remainder when l is divided by 258.
7
Suppose 260*h = 512*h - 51912. Calculate the remainder when 2675 is divided by h.
203
Let i be 5/(-10)*3*4/(-6). Suppose -i = -5*s - 1. Suppose s = -31*b + 27*b + 304. What is the remainder when b is divided by 26?
24
Suppose -28921 = -191*j + 28379. What is the remainder when 6898 is divided by j?
298
Suppose 5*t + 2*v = 0, 3*t + 35 = 8*t - 5*v. Let d be 4/34 - (-6105)/561. Suppose -81 = -t*b - d. Calculate the remainder when b is divided by 18.
17
Suppose -3*v + m = -11 - 437, -3*v - 3*m = -456. What is the remainder when v is divided by 46 + (-6)/12*14?
33
Suppose 24241 = 4*w + 5*y, y = 2*w - 1156 - 10975. Calculate the remainder when w is divided by 66.
58
Suppose -10*x - 4 = -14*x, -5*w + 321 = -4*x. Calculate the remainder when 908 is divided by w.
63
Let x = -291 + 171. Let q = x - -160. Suppose -6*k + 785 = -k. What is the remainder when k is divided by q?
37
Suppose 18*o = 22*o + 4*l - 6924, 8*o - 5*l - 13822 = 0. What is the remainder when o is divided by 173?
172
Let k(o) = 3*o**3 + o**2 - 2. Let b be k(2). Let r(y) = y**2 + 27*y + 54. Let d be r(-28). Suppose b + d = 6*x. Calculate the remainder when x is divided by 7.
4
Suppose 74*t + 29*t - 168560 = 17*t. What is the remainder when t is divided by 63?
7
Let h(p) be the second derivative of -p**3/3 + 15*p**2/2 + 10*p - 1. Calculate the remainder when 97 is divided by h(-8).
4
Let x be 3/3*-9*-3. Let z be ((-15)/(-25))/(1/(-10)). Calculate the remainder when 41 is divided by -2*(x/z)/1.
5
Suppose -2208 = -47*l - 49*l. Calculate the remainder when 116 is divided by l.
1
Suppose 168 = 2*t - 14. Let q(z) = 2*z - 15. Let d be q(9). Suppose d*k - t = -19. What is the remainder when 68 is divided by k?
20
What is the remainder when 1317 is divided by 336133/10199 - 2/(-47)?
30
Suppose -14*k = 15*k + 11542. Let i = k - -445. Suppose -2 = -j + 2*o, -4*j + 20 = 3*o - 43. What is the remainder when i is divided by j?
11
Let z be (-240)/2520 + 86/21. Suppose 5*t - r - 278 = 0, -3*t + 2*r + 3*r + 158 = 0. Calculate the remainder when t is divided by 5/(11/(-3) + z).
11
Suppose 3*r = 4*s + 239, -2*r - 11*s = -10*s - 141. What is the remainder when r is divided by -6*4/18*-15?
13
Let l(v) = -v**3 + 11*v**2 - 4*v - 50. Let x be l(10). Suppose 3*c - 45 = -18. Calculate the remainder when x/(-20) - (1 + 166/(-4)) is divided by c.
4
Suppose 177*o - 124054 = 455444. Calculate the remainder when o is divided by 73.
62
Suppose 2*s = -2*s + 2392. Suppose m + 52*m = 1272. Calculate the remainder when s is divided by m.
22
Let z(j) = 22*j + 156. Let f be z(-4). Suppose -o + f = -182. What is the remainder when o is divided by 16?
10
Let n be 121/(-99) - (-2)/9. Let o be n/((-180)/(-185) + -1). Suppose 5*x - k = o, 3*x + 5*k = 4 + 7. Calculate the remainder when 11 is divided by x.
4
Suppose 4*m = -2*h + 164, -4*h = -2 - 6. Let n be 392/5*(0 - -5). Calculate the remainder when (-10)/25 + n/5 is divided by m.
38
Suppose -7*r + 3213 = 3129. Let h = -1141 - -1616. Suppose -7*d + r*d = h. Calculate the remainder when d is divided by 14.
11
Let o = 135 - 166. Let c = o - -140. What is the remainder when c is divided by 28?
25
Suppose -15*s - 10*s - 21275 = 0. Let r = -834 - s. What is the remainder when r is divided by 8?
1
Suppose -6*b = 3*q - 3*b - 66, 0 = -2*b - 8. Suppose 5*v + q - 516 = 0. Calculate the remainder when v is divided by 52.
46
Suppose 0 = -5*o + 478 - 513, -35 = -4*l + o. Calculate the remainder when 486 is divided by l.
3
Suppose -p - 2*p - 6 = 0. Let l be (-2)/((-8)/(-5) + p). Suppose -y + 3*y = c + 37, 4*y = -l*c + 81. What is the remainder when y is divided by 7?
5
Let v = -15 + 15. Let y(k) = k**2 - k. Let q be y(v). Suppose -3*w + 0*w + 81 = q. Calculate the remainder when 53 is divided by w.
26
Let i = -217 + 218. Calculate the remainder when 90 is divided by i/((-88)/32 + 3).
2
Suppose 3*w = -2*w. Suppose w = -6*f + 5*f + 5. Suppose -12 - 44 = -14*i. Calculate the remainder when f is divided by i.
1
Let g = -105 - -115. Let c = 264 - g. What is the remainder when c is divided by 32?
30
Let x(p) = 461*p - 42. What is the remainder when x(1) is divided by 133?
20
Let k(b) = 95*b + 14174. Calculate the remainder when ((-9)/(-18))/((-1)/(-478)) is divided by k(-149).
11
Let j = -90 + 92. Suppose -j*s = -o - 21, 2*o - s - 2 = -29. Let w = 14 + o. Calculate the remainder when 8 is divided by w.
2
Suppose 126*f - 4928 = 1904 + 2744. Calculate the remainder when f is divided by 3 + -1 + (-195)/(-5).
35
Let a = 94 - -175. Let y = a + -260. What is the remainder when 69 is divided by y?
6
Suppose 3*w = -2*s + 1179, -260 - 526 = -2*w + 3*s. What is the remainder when w is divided by 71?
38
Let c(f) = 2*f**3 - 54*f**2 + 198*f + 45. Calculate the remainder when c(23) is divided by 12.
7
Let r(v) = -307*v - 4291. What is the remainder when 618 is divided by r(-14)?
2
Suppose 376*b = 160*b + 7344. What is the remainder when (94/2)/((-2)/(-2)) is divided by b?
13
Let z be ((-60)/25)/((-4)/(-30)). Let s = 21 + z. Suppose 0 = -n - 3*l + 6, 2*n - 18 = -0*l - s*l. What is the remainder when 46 is divided by n?
10
Let t(u) = -u**3 + 9*u**2 - 15*u + 1. What is the remainder when 70 is divided by t(6)?
13
Let a = 14261 - 11536. Calculate the remainder when a is divided by 27.
25
Suppose -4*v + 617 - 129 = 5*h, 2*h - 209 = 3*v. Calculate the remainder when 224 is divided by h.
24
Let a(p) = 25*p + 3. Let x = -39 + 42. Let z be a(x). Suppose 4*j - 144 = -2*b, -5*b - j + 309 = -z. Calculate the remainder when b is divided by 10.
8
Suppose -3*m = -5*w - 8 - 2, 5*m = 0. Calculate the remainder when 149 is divided by 19 + w + -9 + 7.
14
Let m be 15/(-10)*352/(-12). Suppose -5*p - 11 = -47*z + m*z, z - 4*p + 8 = 0. Calculate the remainder when 213 is divided by z.
9
Suppose 0 = p - 3*f + 11, -1 = p - 5*f + 10. Let a = p + 18. Calculate the remainder when 12 is divided by a.
5
Let f be ((-1)/2)/((-5)/(-10)). Let v = 7 - f. What is the remainder when ((-52)/8 + 9)*(-138)/(-5) is divided by v?
5
Let b(i) = -158*i - 983. Calculate the remainder when b(-8) is divided by 97.
87
Let q = -37 - -96. Suppose -12*w = -15*w + 60. What is the remainder when q is divided by w?
19
Suppose -z - 157 = -4*z + q, -63 = -z + 3*q. Suppose -3*o - z + 240 = 0. Let j = 12 - -5. Calculate the remainder when o is divided by j.
12
Suppose -185527 = -127*q - 19157. What is the remainder when q is divided by 418?
56
Calculate the remainder when (0 + (-5889)/52)*-12 is divided by 68.
67
Let b(n) = -11*n + 25. Let z be b(-23). Let v = 327 - z. What is the remainder when 87 is divided by v?
38
Let v(f) = -3*f + 43. Let k be v(13). Suppose k*r + 7 + 0 = -t,